{"id":6,"date":"2016-05-17T23:14:37","date_gmt":"2016-05-17T22:14:37","guid":{"rendered":"http:\/\/lescopainsdabordweb.wordpress.com\/?page_id=1"},"modified":"2018-04-04T21:54:49","modified_gmt":"2018-04-04T19:54:49","slug":"a-propos","status":"publish","type":"page","link":"https:\/\/www.lescopainsdabord.net\/index.php\/a-propos\/","title":{"rendered":"Les Copains d\u2019Abord !"},"content":{"rendered":"<div style=\"text-align: left;\">\n<p>est un<b> projet collectif <\/b>qui a vocation \u00e0 vivre et\u00a0 \u00e9voluer au gr\u00e9 des aspirations et des <b>initiatives <\/b><b>citoyennes<\/b>.<\/p>\n<\/div>\n<div style=\"text-align: left;\">Notre ambition, <strong>favoriser la rencontre, le m\u00e9lange social <\/strong><strong>et interg\u00e9n\u00e9rationnel<\/strong> en plein c\u0153ur de la ville en cr\u00e9ant <strong>le premier caf\u00e9 associatif, culturel et solidaire du Pr\u00e9 Saint-Gervais.<\/strong><\/div>\n<div style=\"text-align: left;\">\n<p>&nbsp;<\/p>\n<div style=\"text-align: center;\"><img loading=\"lazy\" decoding=\"async\" class=\"alignnone size-medium wp-image-642\" src=\"http:\/\/lescopainsdabord.net\/wp-content\/uploads\/2016\/05\/ICONECopaindabord-300x82.png\" alt=\"\" width=\"300\" height=\"82\" srcset=\"https:\/\/lescopainsdabord.net\/wp-content\/uploads\/2016\/05\/ICONECopaindabord-300x82.png 300w, https:\/\/lescopainsdabord.net\/wp-content\/uploads\/2016\/05\/ICONECopaindabord-768x211.png 768w, https:\/\/lescopainsdabord.net\/wp-content\/uploads\/2016\/05\/ICONECopaindabord-1024x281.png 1024w, https:\/\/lescopainsdabord.net\/wp-content\/uploads\/2016\/05\/ICONECopaindabord-1180x323.png 1180w\" sizes=\"auto, (max-width: 300px) 100vw, 300px\" \/><\/div>\n<\/div>\n<div style=\"text-align: center;\"><\/div>\n<div style=\"text-align: center;\"><\/div>\n<div style=\"text-align: left;\">Nous sommes \u00e0 la recherche de l&rsquo;espace id\u00e9al o\u00f9 petites mains et grandes id\u00e9es se r\u00e9aliseront.<\/div>\n<div style=\"text-align: left;\">Aujourd&rsquo;hui, autour d&rsquo;un P&rsquo;tit Kawa sur le v\u00e9lo triporteur, d&rsquo;activit\u00e9s au sein du Jardin des Copains et lors de diff\u00e9rents \u00e9v\u00e8nements&#8230; <strong>Venez vous rencontrer !<\/strong><\/div>\n<div style=\"text-align: left;\"><img loading=\"lazy\" decoding=\"async\" class=\"alignnone wp-image-600 aligncenter\" src=\"http:\/\/lescopainsdabord.net\/wp-content\/uploads\/2017\/04\/cropped-Logo-lesCops-1-300x267.jpg\" alt=\"\" width=\"204\" height=\"182\" srcset=\"https:\/\/lescopainsdabord.net\/wp-content\/uploads\/2017\/04\/cropped-Logo-lesCops-1-300x267.jpg 300w, https:\/\/lescopainsdabord.net\/wp-content\/uploads\/2017\/04\/cropped-Logo-lesCops-1-427x380.jpg 427w, https:\/\/lescopainsdabord.net\/wp-content\/uploads\/2017\/04\/cropped-Logo-lesCops-1.jpg 709w\" sizes=\"auto, (max-width: 204px) 100vw, 204px\" \/><\/div>\n<div style=\"text-align: center;\"><\/div>\n<div><\/div>\n<div><div class=\"su-youtube su-u-responsive-media-yes\"><iframe loading=\"lazy\" width=\"600\" height=\"400\" src=\"https:\/\/www.youtube.com\/embed\/uMdxE-KgUAo?autoplay=1\" frameborder=\"0\" allowfullscreen allow=\"autoplay; encrypted-media; picture-in-picture\" title=\"\"><\/iframe><\/div><\/div>\n<div style=\"text-align: center;\"><\/div>\n<p>&nbsp;<\/p>\n<div style=\"text-align: center;\"><\/div>\n<p>&nbsp;<\/p>\n<div style=\"text-align: left;\"><\/div>\n","protected":false},"excerpt":{"rendered":"<p>est un projet collectif qui a vocation \u00e0 vivre et\u00a0 \u00e9voluer au gr\u00e9 des aspirations et des initiatives citoyennes. Notre ambition, favoriser la rencontre, le m\u00e9lange social et interg\u00e9n\u00e9rationnel en plein c\u0153ur de la ville en cr\u00e9ant le premier caf\u00e9 associatif, culturel et solidaire du Pr\u00e9 Saint-Gervais. &nbsp; Nous sommes \u00e0 la recherche de l&rsquo;espace &hellip; <a href=\"https:\/\/www.lescopainsdabord.net\/index.php\/a-propos\/\" class=\"more-link\">Lire la suite <span class=\"screen-reader-text\">Les Copains d\u2019Abord !<\/span><\/a><\/p>\n","protected":false},"author":1,"featured_media":832,"parent":0,"menu_order":0,"comment_status":"open","ping_status":"open","template":"","meta":{"jetpack_post_was_ever_published":false,"footnotes":""},"class_list":["post-6","page","type-page","status-publish","has-post-thumbnail","hentry","with-featured-image"],"jetpack_sharing_enabled":true,"jetpack_shortlink":"https:\/\/wp.me\/P8G8ga-6","_links":{"self":[{"href":"https:\/\/www.lescopainsdabord.net\/index.php\/wp-json\/wp\/v2\/pages\/6","targetHints":{"allow":["GET"]}}],"collection":[{"href":"https:\/\/www.lescopainsdabord.net\/index.php\/wp-json\/wp\/v2\/pages"}],"about":[{"href":"https:\/\/www.lescopainsdabord.net\/index.php\/wp-json\/wp\/v2\/types\/page"}],"author":[{"embeddable":true,"href":"https:\/\/www.lescopainsdabord.net\/index.php\/wp-json\/wp\/v2\/users\/1"}],"replies":[{"embeddable":true,"href":"https:\/\/www.lescopainsdabord.net\/index.php\/wp-json\/wp\/v2\/comments?post=6"}],"version-history":[{"count":31,"href":"https:\/\/www.lescopainsdabord.net\/index.php\/wp-json\/wp\/v2\/pages\/6\/revisions"}],"predecessor-version":[{"id":1214,"href":"https:\/\/www.lescopainsdabord.net\/index.php\/wp-json\/wp\/v2\/pages\/6\/revisions\/1214"}],"wp:featuredmedia":[{"embeddable":true,"href":"https:\/\/www.lescopainsdabord.net\/index.php\/wp-json\/wp\/v2\/media\/832"}],"wp:attachment":[{"href":"https:\/\/www.lescopainsdabord.net\/index.php\/wp-json\/wp\/v2\/media?parent=6"}],"curies":[{"name":"wp","href":"https:\/\/api.w.org\/{rel}","templated":true}]}}